{"id":384,"date":"2018-07-31T07:30:11","date_gmt":"2018-07-31T07:30:11","guid":{"rendered":"http:\/\/www.fundaciomarcsauquet.org\/?page_id=384"},"modified":"2018-10-26T08:08:06","modified_gmt":"2018-10-26T08:08:06","slug":"donem-les-gracies","status":"publish","type":"page","link":"https:\/\/www.fundaciomarcsauquet.org\/?page_id=384","title":{"rendered":"Donem les gr\u00e0cies"},"content":{"rendered":"<div class=\"wpb-content-wrapper\"><p>[vc_row row_type=&#8221;row&#8221; use_row_as_full_screen_section=&#8221;no&#8221; type=&#8221;grid&#8221; text_align=&#8221;center&#8221; background_animation=&#8221;none&#8221; padding_bottom=&#8221;100&#8243; css_animation=&#8221;&#8221;][vc_column width=&#8221;5\/6&#8243; offset=&#8221;vc_col-sm-offset-1&#8243;][vc_empty_space height=&#8221;27px&#8221;][vc_column_text]<\/p>\n<h2 style=\"text-align: center;\">MOLTES GR\u00c0CIES<\/h2>\n<p>[\/vc_column_text][vc_empty_space height=&#8221;27px&#8221;][vc_column_text]<\/p>\n<p style=\"text-align: center;\">Aquest any, volem agrair, molt especialment, el suport de la Fundaci\u00f3 Heres, ja que, gr\u00e0cies a ells, hem pogut tirar endavant el projecte del nou edifici de Sakya.<\/p>\n<p style=\"text-align: center;\">No ens cansem de recordar que, sense l\u2019ajuda i els consells del Ranvir Shah i de la seva fam\u00edlia, cap dels projectes que hem dut a terme a l\u2019\u00cdndia no hauria vist mai la llum. Gr\u00e0cies de tot cor!<\/p>\n<p style=\"text-align: center;\">Un altre dels pilars fonamentals de la Fundaci\u00f3 s\u00f3n els responsables i els l\u00edders de les diverses ONG que ajudem: sense ells, res no seria possible. La seva dedicaci\u00f3 i voluntat d\u2019ajudar fan que la nostra motivaci\u00f3 per col\u00b7laborar segueixi creixent.<\/p>\n<p style=\"text-align: center;\">Volem fer arribar el nostre agra\u00efment a les persones que han col\u00b7laborat, de manera an\u00f2nima i desinteressada, perqu\u00e8 tots aquests projectes esdevinguin realitat.<\/p>\n<p style=\"text-align: center;\">Moltes gr\u00e0cies al Padre Manuel Santiago per fer possibles els projectes de Nicaragua.<\/p>\n<p>[\/vc_column_text][vc_empty_space height=&#8221;150px&#8221;]<div class=\"custom_font_holder\" style=\" font-size: 15px; line-height: 26px; font-style: normal; font-weight: 300; text-decoration: none; text-align: left;\"><span><\/p>\n<h3 style=\"text-align: center;\">Estem molt agra\u00efts a tots els que manteniu la Fundaci\u00f3 viva.<\/h3>\n<p><\/span><\/div>[\/vc_column][\/vc_row][vc_row row_type=&#8221;parallax&#8221; text_align=&#8221;center&#8221; background_image=&#8221;329&#8243; full_screen_section_height=&#8221;no&#8221; section_height=&#8221;585&#8243;][vc_column width=&#8221;5\/6&#8243; offset=&#8221;vc_col-sm-offset-1&#8243;][vc_empty_space height=&#8221;150px&#8221;][vc_column_text]<\/p>\n<h2><span style=\"color: #ffffff;\">Projectes<\/span><\/h2>\n<p>[\/vc_column_text][vc_empty_space height=&#8221;50px&#8221;]<a href=\"http:\/\/www.fundaciomarcsauquet.org\/?page_id=489\" target=\"_blank\"  class=\"qbutton \" style=\"margin: 0 0 0 0; \">+INFO<\/a>[vc_empty_space height=&#8221;150px&#8221;][\/vc_column][\/vc_row]<\/p>\n<\/div>","protected":false},"excerpt":{"rendered":"<p>[vc_row row_type=&#8221;row&#8221; use_row_as_full_screen_section=&#8221;no&#8221; type=&#8221;grid&#8221; text_align=&#8221;center&#8221; background_animation=&#8221;none&#8221; padding_bottom=&#8221;100&#8243; css_animation=&#8221;&#8221;][vc_column width=&#8221;5\/6&#8243; offset=&#8221;vc_col-sm-offset-1&#8243;][vc_empty_space height=&#8221;27px&#8221;][vc_column_text] MOLTES GR\u00c0CIES [\/vc_column_text][vc_empty_space height=&#8221;27px&#8221;][vc_column_text] Aquest any, volem agrair, molt especialment, el suport de la Fundaci\u00f3 Heres, ja que, gr\u00e0cies a ells, hem pogut tirar endavant el projecte del nou edifici de Sakya. No ens&#8230;<\/p>\n","protected":false},"author":1,"featured_media":0,"parent":0,"menu_order":0,"comment_status":"closed","ping_status":"closed","template":"full_width.php","meta":[],"_links":{"self":[{"href":"https:\/\/www.fundaciomarcsauquet.org\/index.php?rest_route=\/wp\/v2\/pages\/384"}],"collection":[{"href":"https:\/\/www.fundaciomarcsauquet.org\/index.php?rest_route=\/wp\/v2\/pages"}],"about":[{"href":"https:\/\/www.fundaciomarcsauquet.org\/index.php?rest_route=\/wp\/v2\/types\/page"}],"author":[{"embeddable":true,"href":"https:\/\/www.fundaciomarcsauquet.org\/index.php?rest_route=\/wp\/v2\/users\/1"}],"replies":[{"embeddable":true,"href":"https:\/\/www.fundaciomarcsauquet.org\/index.php?rest_route=%2Fwp%2Fv2%2Fcomments&post=384"}],"version-history":[{"count":11,"href":"https:\/\/www.fundaciomarcsauquet.org\/index.php?rest_route=\/wp\/v2\/pages\/384\/revisions"}],"predecessor-version":[{"id":983,"href":"https:\/\/www.fundaciomarcsauquet.org\/index.php?rest_route=\/wp\/v2\/pages\/384\/revisions\/983"}],"wp:attachment":[{"href":"https:\/\/www.fundaciomarcsauquet.org\/index.php?rest_route=%2Fwp%2Fv2%2Fmedia&parent=384"}],"curies":[{"name":"wp","href":"https:\/\/api.w.org\/{rel}","templated":true}]}}

Donem les gràcies

<div class="wpb-content-wrapper"><p>[vc_row row_type=&#8221;row&#8221; use_row_as_full_screen_section=&#8221;no&#8221; type=&#8221;grid&#8221; text_align=&#8221;center&#8221; background_animation=&#8221;none&#8221; padding_bottom=&#8221;100&#8243; css_animation=&#8221;&#8221;][vc_column width=&#8221;5/6&#8243; offset=&#8221;vc_col-sm-offset-1&#8243;][vc_empty_space height=&#8221;27px&#8221;][vc_column_text]</p>
<h2 style="text-align: center;">MOLTES GRÀCIES</h2>
<p>[/vc_column_text][vc_empty_space height=&#8221;27px&#8221;][vc_column_text]</p>
<p style="text-align: center;">Aquest any, volem agrair, molt especialment, el suport de la Fundació Heres, ja que, gràcies a ells, hem pogut tirar endavant el projecte del nou edifici de Sakya.</p>
<p style="text-align: center;">No ens cansem de recordar que, sense l’ajuda i els consells del Ranvir Shah i de la seva família, cap dels projectes que hem dut a terme a l’Índia no hauria vist mai la llum. Gràcies de tot cor!</p>
<p style="text-align: center;">Un altre dels pilars fonamentals de la Fundació són els responsables i els líders de les diverses ONG que ajudem: sense ells, res no seria possible. La seva dedicació i voluntat d’ajudar fan que la nostra motivació per col·laborar segueixi creixent.</p>
<p style="text-align: center;">Volem fer arribar el nostre agraïment a les persones que han col·laborat, de manera anònima i desinteressada, perquè tots aquests projectes esdevinguin realitat.</p>
<p style="text-align: center;">Moltes gràcies al Padre Manuel Santiago per fer possibles els projectes de Nicaragua.</p>
<p>[/vc_column_text][vc_empty_space height=&#8221;150px&#8221;]<div class="custom_font_holder" style=" font-size: 15px; line-height: 26px; font-style: normal; font-weight: 300; text-decoration: none; text-align: left;"><span></p>
<h3 style="text-align: center;">Estem molt agraïts a tots els que manteniu la Fundació viva.</h3>
<p></span></div>[/vc_column][/vc_row][vc_row row_type=&#8221;parallax&#8221; text_align=&#8221;center&#8221; background_image=&#8221;329&#8243; full_screen_section_height=&#8221;no&#8221; section_height=&#8221;585&#8243;][vc_column width=&#8221;5/6&#8243; offset=&#8221;vc_col-sm-offset-1&#8243;][vc_empty_space height=&#8221;150px&#8221;][vc_column_text]</p>
<h2><span style="color: #ffffff;">Projectes</span></h2>
<p>[/vc_column_text][vc_empty_space height=&#8221;50px&#8221;]<a href="http://www.fundaciomarcsauquet.org/?page_id=489" target="_blank"  class="qbutton " style="margin: 0 0 0 0; ">+INFO</a>[vc_empty_space height=&#8221;150px&#8221;][/vc_column][/vc_row]</p>
</div>

<p>[vc_row row_type=&#8221;row&#8221; use_row_as_full_screen_section=&#8221;no&#8221; type=&#8221;grid&#8221; text_align=&#8221;center&#8221; background_animation=&#8221;none&#8221; padding_bottom=&#8221;100&#8243; css_animation=&#8221;&#8221;][vc_column width=&#8221;5/6&#8243; offset=&#8221;vc_col-sm-offset-1&#8243;][vc_empty_space height=&#8221;27px&#8221;][vc_column_text] MOLTES GRÀCIES [/vc_column_text][vc_empty_space height=&#8221;27px&#8221;][vc_column_text] Aquest any, volem agrair, molt especialment, el suport de la Fundació Heres, ja que, gràcies a ells, hem pogut tirar endavant el projecte del nou edifici de Sakya. No ens&#8230;</p>
