{"id":317,"date":"2016-03-16T12:06:02","date_gmt":"2016-03-16T12:06:02","guid":{"rendered":"http:\/\/stockholm12.select-themes.com\/?page_id=4"},"modified":"2018-10-26T09:02:35","modified_gmt":"2018-10-26T09:02:35","slug":"restaurant-home-2","status":"publish","type":"page","link":"https:\/\/www.fundaciomarcsauquet.org\/","title":{"rendered":"Inici"},"content":{"rendered":"<div class=\"wpb-content-wrapper\"><p>[vc_row row_type=&#8221;row&#8221; use_row_as_full_screen_section=&#8221;no&#8221; type=&#8221;grid&#8221; text_align=&#8221;center&#8221; background_animation=&#8221;none&#8221; padding_top=&#8221;128&#8243; padding_bottom=&#8221;141&#8243; css_animation=&#8221;&#8221;][vc_column width=&#8221;5\/6&#8243; offset=&#8221;vc_col-sm-offset-1&#8243;][vc_column_text]<\/p>\n<h2>Per una infantesa millor<\/h2>\n<p>[\/vc_column_text][vc_empty_space height=&#8221;30px&#8221;][vc_column_text]<\/p>\n<h5 style=\"text-align: center;\"><span style=\"color: #676767;\">Desde la Fundaci\u00f3 Marc Saquet, donem veu a alguns projectes dedicats als infants m\u00e9s desafavorits. Gr\u00e0cies a aquesta tasca aportem en nostre granet de sorra per als m\u00e9s petits.<br \/>\n<\/span><\/h5>\n<p>[\/vc_column_text][\/vc_column][\/vc_row][vc_row row_type=&#8221;parallax&#8221; text_align=&#8221;center&#8221; background_image=&#8221;466&#8243; full_screen_section_height=&#8221;yes&#8221; vertically_align_content_in_middle=&#8221;no&#8221;][vc_column width=&#8221;5\/6&#8243; offset=&#8221;vc_col-sm-offset-1&#8243;][vc_empty_space height=&#8221;23px&#8221; css=&#8221;.vc_custom_1459339151117{padding-top: 25% !important;}&#8221;]<div class=\"custom_font_holder\" style=\"font-family: Poppins; font-size: 58px; line-height: 59px; font-style: normal; font-weight: 600; color: #252525; text-decoration: none; letter-spacing: 0.5px; background-color: rgba(255,255,255,0.85); padding: 25px 0 20px 0; margin: 0 0 0 0; text-align: center;\"><span>ELS PROJECTES<\/span><\/div>[vc_empty_space height=&#8221;30px&#8221;][vc_empty_space height=&#8221;120px&#8221;]<a href=\"http:\/\/www.fundaciomarcsauquet.org\/?page_id=489\" target=\"_self\"  class=\"qbutton \" style=\"\">+ INFO<\/a>[\/vc_column][\/vc_row][vc_row row_type=&#8221;row&#8221; use_row_as_full_screen_section=&#8221;no&#8221; type=&#8221;full_width&#8221; text_align=&#8221;center&#8221; background_animation=&#8221;none&#8221; css_animation=&#8221;&#8221;][vc_column width=&#8221;5\/6&#8243; offset=&#8221;vc_col-sm-offset-1&#8243;][vc_text_separator title=&#8221;\u00daLTIMES MEM\u00d2RIES&#8221;][vc_empty_space][vc_row_inner row_type=&#8221;row&#8221; type=&#8221;full_width&#8221; use_row_as_full_screen_section_slide=&#8221;no&#8221; text_align=&#8221;left&#8221; css_animation=&#8221;&#8221;][vc_column_inner width=&#8221;1\/3&#8243;][vc_single_image image=&#8221;1016&#8243; img_size=&#8221;full&#8221; qode_css_animation=&#8221;&#8221;][\/vc_column_inner][vc_column_inner width=&#8221;1\/3&#8243;][vc_single_image image=&#8221;1009&#8243; img_size=&#8221;full&#8221; qode_css_animation=&#8221;&#8221;][\/vc_column_inner][vc_column_inner width=&#8221;1\/3&#8243;][vc_single_image image=&#8221;1006&#8243; img_size=&#8221;full&#8221; qode_css_animation=&#8221;&#8221;][\/vc_column_inner][\/vc_row_inner][vc_empty_space]<a href=\"http:\/\/www.fundaciomarcsauquet.org\/?page_id=561\" target=\"_self\"  class=\"qbutton  large\" style=\"color: #bfbfbf; border-color: #000000; background-color: #ffffff;\">VEURE MEM\u00d2RIES<\/a>[vc_empty_space][\/vc_column][\/vc_row]<\/p>\n<\/div>","protected":false},"excerpt":{"rendered":"<p>[vc_row row_type=&#8221;row&#8221; use_row_as_full_screen_section=&#8221;no&#8221; type=&#8221;grid&#8221; text_align=&#8221;center&#8221; background_animation=&#8221;none&#8221; padding_top=&#8221;128&#8243; padding_bottom=&#8221;141&#8243; css_animation=&#8221;&#8221;][vc_column width=&#8221;5\/6&#8243; offset=&#8221;vc_col-sm-offset-1&#8243;][vc_column_text] Per una infantesa millor [\/vc_column_text][vc_empty_space height=&#8221;30px&#8221;][vc_column_text] Desde la Fundaci\u00f3 Marc Saquet, donem veu a alguns projectes dedicats als infants m\u00e9s desafavorits. Gr\u00e0cies a aquesta tasca aportem en nostre granet de sorra per als m\u00e9s&#8230;<\/p>\n","protected":false},"author":1,"featured_media":0,"parent":0,"menu_order":0,"comment_status":"closed","ping_status":"closed","template":"full_width.php","meta":[],"_links":{"self":[{"href":"https:\/\/www.fundaciomarcsauquet.org\/index.php?rest_route=\/wp\/v2\/pages\/317"}],"collection":[{"href":"https:\/\/www.fundaciomarcsauquet.org\/index.php?rest_route=\/wp\/v2\/pages"}],"about":[{"href":"https:\/\/www.fundaciomarcsauquet.org\/index.php?rest_route=\/wp\/v2\/types\/page"}],"author":[{"embeddable":true,"href":"https:\/\/www.fundaciomarcsauquet.org\/index.php?rest_route=\/wp\/v2\/users\/1"}],"replies":[{"embeddable":true,"href":"https:\/\/www.fundaciomarcsauquet.org\/index.php?rest_route=%2Fwp%2Fv2%2Fcomments&post=317"}],"version-history":[{"count":24,"href":"https:\/\/www.fundaciomarcsauquet.org\/index.php?rest_route=\/wp\/v2\/pages\/317\/revisions"}],"predecessor-version":[{"id":1033,"href":"https:\/\/www.fundaciomarcsauquet.org\/index.php?rest_route=\/wp\/v2\/pages\/317\/revisions\/1033"}],"wp:attachment":[{"href":"https:\/\/www.fundaciomarcsauquet.org\/index.php?rest_route=%2Fwp%2Fv2%2Fmedia&parent=317"}],"curies":[{"name":"wp","href":"https:\/\/api.w.org\/{rel}","templated":true}]}}

<div class="wpb-content-wrapper"><p>[vc_row row_type=&#8221;row&#8221; use_row_as_full_screen_section=&#8221;no&#8221; type=&#8221;grid&#8221; text_align=&#8221;center&#8221; background_animation=&#8221;none&#8221; padding_top=&#8221;128&#8243; padding_bottom=&#8221;141&#8243; css_animation=&#8221;&#8221;][vc_column width=&#8221;5/6&#8243; offset=&#8221;vc_col-sm-offset-1&#8243;][vc_column_text]</p>
<h2>Per una infantesa millor</h2>
<p>[/vc_column_text][vc_empty_space height=&#8221;30px&#8221;][vc_column_text]</p>
<h5 style="text-align: center;"><span style="color: #676767;">Desde la Fundació Marc Saquet, donem veu a alguns projectes dedicats als infants més desafavorits. Gràcies a aquesta tasca aportem en nostre granet de sorra per als més petits.<br />
</span></h5>
<p>[/vc_column_text][/vc_column][/vc_row][vc_row row_type=&#8221;parallax&#8221; text_align=&#8221;center&#8221; background_image=&#8221;466&#8243; full_screen_section_height=&#8221;yes&#8221; vertically_align_content_in_middle=&#8221;no&#8221;][vc_column width=&#8221;5/6&#8243; offset=&#8221;vc_col-sm-offset-1&#8243;][vc_empty_space height=&#8221;23px&#8221; css=&#8221;.vc_custom_1459339151117{padding-top: 25% !important;}&#8221;]<div class="custom_font_holder" style="font-family: Poppins; font-size: 58px; line-height: 59px; font-style: normal; font-weight: 600; color: #252525; text-decoration: none; letter-spacing: 0.5px; background-color: rgba(255,255,255,0.85); padding: 25px 0 20px 0; margin: 0 0 0 0; text-align: center;"><span>ELS PROJECTES</span></div>[vc_empty_space height=&#8221;30px&#8221;][vc_empty_space height=&#8221;120px&#8221;]<a href="http://www.fundaciomarcsauquet.org/?page_id=489" target="_self"  class="qbutton " style="">+ INFO</a>[/vc_column][/vc_row][vc_row row_type=&#8221;row&#8221; use_row_as_full_screen_section=&#8221;no&#8221; type=&#8221;full_width&#8221; text_align=&#8221;center&#8221; background_animation=&#8221;none&#8221; css_animation=&#8221;&#8221;][vc_column width=&#8221;5/6&#8243; offset=&#8221;vc_col-sm-offset-1&#8243;][vc_text_separator title=&#8221;ÚLTIMES MEMÒRIES&#8221;][vc_empty_space][vc_row_inner row_type=&#8221;row&#8221; type=&#8221;full_width&#8221; use_row_as_full_screen_section_slide=&#8221;no&#8221; text_align=&#8221;left&#8221; css_animation=&#8221;&#8221;][vc_column_inner width=&#8221;1/3&#8243;][vc_single_image image=&#8221;1016&#8243; img_size=&#8221;full&#8221; qode_css_animation=&#8221;&#8221;][/vc_column_inner][vc_column_inner width=&#8221;1/3&#8243;][vc_single_image image=&#8221;1009&#8243; img_size=&#8221;full&#8221; qode_css_animation=&#8221;&#8221;][/vc_column_inner][vc_column_inner width=&#8221;1/3&#8243;][vc_single_image image=&#8221;1006&#8243; img_size=&#8221;full&#8221; qode_css_animation=&#8221;&#8221;][/vc_column_inner][/vc_row_inner][vc_empty_space]<a href="http://www.fundaciomarcsauquet.org/?page_id=561" target="_self"  class="qbutton  large" style="color: #bfbfbf; border-color: #000000; background-color: #ffffff;">VEURE MEMÒRIES</a>[vc_empty_space][/vc_column][/vc_row]</p>
</div>

<p>[vc_row row_type=&#8221;row&#8221; use_row_as_full_screen_section=&#8221;no&#8221; type=&#8221;grid&#8221; text_align=&#8221;center&#8221; background_animation=&#8221;none&#8221; padding_top=&#8221;128&#8243; padding_bottom=&#8221;141&#8243; css_animation=&#8221;&#8221;][vc_column width=&#8221;5/6&#8243; offset=&#8221;vc_col-sm-offset-1&#8243;][vc_column_text] Per una infantesa millor [/vc_column_text][vc_empty_space height=&#8221;30px&#8221;][vc_column_text] Desde la Fundació Marc Saquet, donem veu a alguns projectes dedicats als infants més desafavorits. Gràcies a aquesta tasca aportem en nostre granet de sorra per als més&#8230;</p>
