{"id":831,"date":"2018-10-24T12:59:07","date_gmt":"2018-10-24T12:59:07","guid":{"rendered":"http:\/\/www.fundaciomarcsauquet.org\/?page_id=831"},"modified":"2018-10-26T08:09:53","modified_gmt":"2018-10-26T08:09:53","slug":"damos-las-gracias","status":"publish","type":"page","link":"https:\/\/www.fundaciomarcsauquet.org\/?page_id=831&lang=es","title":{"rendered":"Damos las gracias"},"content":{"rendered":"<div class=\"wpb-content-wrapper\"><p>[vc_row row_type=\u00bbrow\u00bb use_row_as_full_screen_section=\u00bbno\u00bb type=\u00bbgrid\u00bb text_align=\u00bbcenter\u00bb background_animation=\u00bbnone\u00bb padding_bottom=\u00bb100&#8243; css_animation=\u00bb\u00bb][vc_column width=\u00bb5\/6&#8243; offset=\u00bbvc_col-sm-offset-1&#8243;][vc_empty_space height=\u00bb27px\u00bb][vc_column_text]<\/p>\n<h2 style=\"text-align: center;\">MUCHAS GRACIAS<\/h2>\n<p>[\/vc_column_text][vc_empty_space height=\u00bb27px\u00bb][vc_column_text]<\/p>\n<p style=\"text-align: center;\">Este a\u00f1o, queremos agradecer, muy especialmente, el apoyo de la Fundaci\u00f3n Heres, ya que, gracias a ellos, hemos podido sacar adelante el proyecto del nuevo edificio de Sakya.<\/p>\n<p style=\"text-align: center;\">No nos cansamos de recordar que, sin la ayuda y los consejos de Ranvir Shah y de su familia, ninguno de los proyectos que hemos llevado a cabo en la India habr\u00eda visto jam\u00e1s la luz. \u00a1Gracias de todo coraz\u00f3n!<\/p>\n<p style=\"text-align: center;\">Otro de los pilares fundamentales de la Fundaci\u00f3n son los responsables y los l\u00edderes de las varias ONG a las que ayudamos: sin ellos, nada ser\u00eda posible. Su dedicaci\u00f3n y voluntad de ayudar hacen que nuestra motivaci\u00f3n por colaborar siga creciendo.<\/p>\n<p style=\"text-align: center;\">Queremos hacer llegar nuestro agradecimiento a las personas que han colaborado, de manera an\u00f3nima y desinteresada, para que todos estos proyectos se conviertan en realidad.<\/p>\n<p style=\"text-align: center;\">Muchas gracias al Padre Manuel Santiago por hacer posibles los proyectos de Nicaragua.<\/p>\n<p>[\/vc_column_text][vc_empty_space height=\u00bb150px\u00bb]<div class=\"custom_font_holder\" style=\" font-size: 15px; line-height: 26px; font-style: normal; font-weight: 300; text-decoration: none; text-align: left;\"><span><\/p>\n<h3 style=\"text-align: center;\">Estamos muy agradecidos a todos los que manten\u00e9is la Fundaci\u00f3n viva.<\/h3>\n<p><\/span><\/div>[\/vc_column][\/vc_row][vc_row row_type=\u00bbparallax\u00bb text_align=\u00bbcenter\u00bb background_image=\u00bb329&#8243; full_screen_section_height=\u00bbno\u00bb section_height=\u00bb585&#8243;][vc_column width=\u00bb5\/6&#8243; offset=\u00bbvc_col-sm-offset-1&#8243;][vc_empty_space height=\u00bb150px\u00bb][vc_column_text]<\/p>\n<h2><span style=\"color: #ffffff;\">Proyectos<\/span><\/h2>\n<p>[\/vc_column_text][vc_empty_space height=\u00bb50px\u00bb]<a href=\"http:\/\/www.fundaciomarcsauquet.org\/?page_id=793&amp;lang=es\" target=\"_blank\"  class=\"qbutton \" style=\"margin: 0 0 0 0; \">+INFO<\/a>[vc_empty_space height=\u00bb150px\u00bb][\/vc_column][\/vc_row]<\/p>\n<\/div>","protected":false},"excerpt":{"rendered":"<p>[vc_row row_type=\u00bbrow\u00bb use_row_as_full_screen_section=\u00bbno\u00bb type=\u00bbgrid\u00bb text_align=\u00bbcenter\u00bb background_animation=\u00bbnone\u00bb padding_bottom=\u00bb100&#8243; css_animation=\u00bb\u00bb][vc_column width=\u00bb5\/6&#8243; offset=\u00bbvc_col-sm-offset-1&#8243;][vc_empty_space height=\u00bb27px\u00bb][vc_column_text] MUCHAS GRACIAS [\/vc_column_text][vc_empty_space height=\u00bb27px\u00bb][vc_column_text] Este a\u00f1o, queremos agradecer, muy especialmente, el apoyo de la Fundaci\u00f3n Heres, ya que, gracias a ellos, hemos podido sacar adelante el proyecto del nuevo edificio de Sakya. No nos&#8230;<\/p>\n","protected":false},"author":1,"featured_media":0,"parent":0,"menu_order":0,"comment_status":"closed","ping_status":"closed","template":"full_width.php","meta":[],"_links":{"self":[{"href":"https:\/\/www.fundaciomarcsauquet.org\/index.php?rest_route=%2Fwp%2Fv2%2Fpages%2F831&lang=es"}],"collection":[{"href":"https:\/\/www.fundaciomarcsauquet.org\/index.php?rest_route=%2Fwp%2Fv2%2Fpages&lang=es"}],"about":[{"href":"https:\/\/www.fundaciomarcsauquet.org\/index.php?rest_route=%2Fwp%2Fv2%2Ftypes%2Fpage&lang=es"}],"author":[{"embeddable":true,"href":"https:\/\/www.fundaciomarcsauquet.org\/index.php?rest_route=%2Fwp%2Fv2%2Fusers%2F1&lang=es"}],"replies":[{"embeddable":true,"href":"https:\/\/www.fundaciomarcsauquet.org\/index.php?rest_route=%2Fwp%2Fv2%2Fcomments&lang=es&post=831"}],"version-history":[{"count":4,"href":"https:\/\/www.fundaciomarcsauquet.org\/index.php?rest_route=%2Fwp%2Fv2%2Fpages%2F831%2Frevisions&lang=es"}],"predecessor-version":[{"id":986,"href":"https:\/\/www.fundaciomarcsauquet.org\/index.php?rest_route=%2Fwp%2Fv2%2Fpages%2F831%2Frevisions%2F986&lang=es"}],"wp:attachment":[{"href":"https:\/\/www.fundaciomarcsauquet.org\/index.php?rest_route=%2Fwp%2Fv2%2Fmedia&lang=es&parent=831"}],"curies":[{"name":"wp","href":"https:\/\/api.w.org\/{rel}","templated":true}]}}

<div class="wpb-content-wrapper"><p>[vc_row row_type=»row» use_row_as_full_screen_section=»no» type=»grid» text_align=»center» background_animation=»none» padding_bottom=»100&#8243; css_animation=»»][vc_column width=»5/6&#8243; offset=»vc_col-sm-offset-1&#8243;][vc_empty_space height=»27px»][vc_column_text]</p>
<h2 style="text-align: center;">MUCHAS GRACIAS</h2>
<p>[/vc_column_text][vc_empty_space height=»27px»][vc_column_text]</p>
<p style="text-align: center;">Este año, queremos agradecer, muy especialmente, el apoyo de la Fundación Heres, ya que, gracias a ellos, hemos podido sacar adelante el proyecto del nuevo edificio de Sakya.</p>
<p style="text-align: center;">No nos cansamos de recordar que, sin la ayuda y los consejos de Ranvir Shah y de su familia, ninguno de los proyectos que hemos llevado a cabo en la India habría visto jamás la luz. ¡Gracias de todo corazón!</p>
<p style="text-align: center;">Otro de los pilares fundamentales de la Fundación son los responsables y los líderes de las varias ONG a las que ayudamos: sin ellos, nada sería posible. Su dedicación y voluntad de ayudar hacen que nuestra motivación por colaborar siga creciendo.</p>
<p style="text-align: center;">Queremos hacer llegar nuestro agradecimiento a las personas que han colaborado, de manera anónima y desinteresada, para que todos estos proyectos se conviertan en realidad.</p>
<p style="text-align: center;">Muchas gracias al Padre Manuel Santiago por hacer posibles los proyectos de Nicaragua.</p>
<p>[/vc_column_text][vc_empty_space height=»150px»]<div class="custom_font_holder" style=" font-size: 15px; line-height: 26px; font-style: normal; font-weight: 300; text-decoration: none; text-align: left;"><span></p>
<h3 style="text-align: center;">Estamos muy agradecidos a todos los que mantenéis la Fundación viva.</h3>
<p></span></div>[/vc_column][/vc_row][vc_row row_type=»parallax» text_align=»center» background_image=»329&#8243; full_screen_section_height=»no» section_height=»585&#8243;][vc_column width=»5/6&#8243; offset=»vc_col-sm-offset-1&#8243;][vc_empty_space height=»150px»][vc_column_text]</p>
<h2><span style="color: #ffffff;">Proyectos</span></h2>
<p>[/vc_column_text][vc_empty_space height=»50px»]<a href="http://www.fundaciomarcsauquet.org/?page_id=793&amp;lang=es" target="_blank"  class="qbutton " style="margin: 0 0 0 0; ">+INFO</a>[vc_empty_space height=»150px»][/vc_column][/vc_row]</p>
</div>

<p>[vc_row row_type=»row» use_row_as_full_screen_section=»no» type=»grid» text_align=»center» background_animation=»none» padding_bottom=»100&#8243; css_animation=»»][vc_column width=»5/6&#8243; offset=»vc_col-sm-offset-1&#8243;][vc_empty_space height=»27px»][vc_column_text] MUCHAS GRACIAS [/vc_column_text][vc_empty_space height=»27px»][vc_column_text] Este año, queremos agradecer, muy especialmente, el apoyo de la Fundación Heres, ya que, gracias a ellos, hemos podido sacar adelante el proyecto del nuevo edificio de Sakya. No nos&#8230;</p>
