{"id":821,"date":"2018-10-24T12:53:50","date_gmt":"2018-10-24T12:53:50","guid":{"rendered":"http:\/\/www.fundaciomarcsauquet.org\/?page_id=821"},"modified":"2018-10-24T12:53:50","modified_gmt":"2018-10-24T12:53:50","slug":"proyectos-de-futuro","status":"publish","type":"page","link":"https:\/\/www.fundaciomarcsauquet.org\/?page_id=821&lang=es","title":{"rendered":"Proyectos de futuro"},"content":{"rendered":"<div class=\"wpb-content-wrapper\"><p>[vc_row row_type=\u00bbrow\u00bb use_row_as_full_screen_section=\u00bbno\u00bb type=\u00bbgrid\u00bb text_align=\u00bbcenter\u00bb background_animation=\u00bbnone\u00bb padding_bottom=\u00bb100&#8243; css_animation=\u00bb\u00bb][vc_column width=\u00bb5\/6&#8243; offset=\u00bbvc_col-sm-offset-1&#8243;][vc_empty_space][vc_column_text]<\/p>\n<h2 style=\"text-align: center;\"><span id=\"result_box\" class=\"short_text\" lang=\"en\"><span class=\"\">UNA MIRADA ADELANTE<br \/>\n<\/span><\/span><\/h2>\n<p>[\/vc_column_text][vc_empty_space height=\u00bb27px\u00bb][vc_column_text]<\/p>\n<p style=\"text-align: center;\">Durante el 2017, todos los esfuerzos de la Fundaci\u00f3n se centrar\u00e1n en la conclusi\u00f3n del nuevo edificio de Sakya. En principio, est\u00e1 previsto que la obra est\u00e9 terminada en el \u00faltimo trimestre del a\u00f1o.<\/p>\n<p style=\"text-align: center;\">Paralelamente, Sri Arunodayam tiene la intenci\u00f3n de construir un nuevo edificio en un antiguo solar que ya hab\u00edamos visto hace muchos a\u00f1os, aunque no est\u00e1 del todo claro c\u00f3mo colaboraremos en este nuevo proyecto de Iyyappan.<\/p>\n<p style=\"text-align: center;\">Asimismo, seguiremos ayudando a la mayor\u00eda de las organizaciones con las que colaboramos y que hace muchos a\u00f1os que forman parte de la historia de nuestra Fundaci\u00f3n.<\/p>\n<p style=\"text-align: center;\">Finalmente, nuestra ayuda en Nicaragua seguir\u00e1 destinada a las becas del Instituto Loyola y a estudiantes universitarios con buenos expedientes acad\u00e9micos.<\/p>\n<p>[\/vc_column_text][\/vc_column][\/vc_row][vc_row row_type=\u00bbrow\u00bb use_row_as_full_screen_section=\u00bbno\u00bb type=\u00bbgrid\u00bb text_align=\u00bbcenter\u00bb background_animation=\u00bbnone\u00bb padding_bottom=\u00bb110&#8243; css_animation=\u00bb\u00bb][vc_column offset=\u00bbvc_col-lg-offset-0 vc_col-lg-4 vc_col-md-offset-0 vc_col-md-4 vc_col-sm-offset-0&#8243;][vc_single_image image=\u00bb370&#8243; img_size=\u00bbfull\u00bb alignment=\u00bbcenter\u00bb qode_css_animation=\u00bb\u00bb][\/vc_column][vc_column offset=\u00bbvc_col-lg-offset-0 vc_col-lg-4 vc_col-md-offset-0 vc_col-md-4 vc_col-sm-offset-0&#8243;][vc_single_image image=\u00bb380&#8243; img_size=\u00bbfull\u00bb alignment=\u00bbcenter\u00bb qode_css_animation=\u00bb\u00bb][\/vc_column][vc_column offset=\u00bbvc_col-lg-offset-0 vc_col-lg-4 vc_col-md-offset-0 vc_col-md-4 vc_col-sm-offset-0&#8243;][vc_single_image image=\u00bb373&#8243; img_size=\u00bbfull\u00bb alignment=\u00bbcenter\u00bb qode_css_animation=\u00bb\u00bb][\/vc_column][\/vc_row]<\/p>\n<\/div>","protected":false},"excerpt":{"rendered":"<p>[vc_row row_type=\u00bbrow\u00bb use_row_as_full_screen_section=\u00bbno\u00bb type=\u00bbgrid\u00bb text_align=\u00bbcenter\u00bb background_animation=\u00bbnone\u00bb padding_bottom=\u00bb100&#8243; css_animation=\u00bb\u00bb][vc_column width=\u00bb5\/6&#8243; offset=\u00bbvc_col-sm-offset-1&#8243;][vc_empty_space][vc_column_text] UNA MIRADA ADELANTE [\/vc_column_text][vc_empty_space height=\u00bb27px\u00bb][vc_column_text] Durante el 2017, todos los esfuerzos de la Fundaci\u00f3n se centrar\u00e1n en la conclusi\u00f3n del nuevo edificio de Sakya. En principio, est\u00e1 previsto que la obra est\u00e9 terminada en el&#8230;<\/p>\n","protected":false},"author":1,"featured_media":0,"parent":0,"menu_order":0,"comment_status":"closed","ping_status":"closed","template":"full_width.php","meta":[],"_links":{"self":[{"href":"https:\/\/www.fundaciomarcsauquet.org\/index.php?rest_route=%2Fwp%2Fv2%2Fpages%2F821&lang=es"}],"collection":[{"href":"https:\/\/www.fundaciomarcsauquet.org\/index.php?rest_route=%2Fwp%2Fv2%2Fpages&lang=es"}],"about":[{"href":"https:\/\/www.fundaciomarcsauquet.org\/index.php?rest_route=%2Fwp%2Fv2%2Ftypes%2Fpage&lang=es"}],"author":[{"embeddable":true,"href":"https:\/\/www.fundaciomarcsauquet.org\/index.php?rest_route=%2Fwp%2Fv2%2Fusers%2F1&lang=es"}],"replies":[{"embeddable":true,"href":"https:\/\/www.fundaciomarcsauquet.org\/index.php?rest_route=%2Fwp%2Fv2%2Fcomments&lang=es&post=821"}],"version-history":[{"count":1,"href":"https:\/\/www.fundaciomarcsauquet.org\/index.php?rest_route=%2Fwp%2Fv2%2Fpages%2F821%2Frevisions&lang=es"}],"predecessor-version":[{"id":822,"href":"https:\/\/www.fundaciomarcsauquet.org\/index.php?rest_route=%2Fwp%2Fv2%2Fpages%2F821%2Frevisions%2F822&lang=es"}],"wp:attachment":[{"href":"https:\/\/www.fundaciomarcsauquet.org\/index.php?rest_route=%2Fwp%2Fv2%2Fmedia&lang=es&parent=821"}],"curies":[{"name":"wp","href":"https:\/\/api.w.org\/{rel}","templated":true}]}}

<div class="wpb-content-wrapper"><p>[vc_row row_type=»row» use_row_as_full_screen_section=»no» type=»grid» text_align=»center» background_animation=»none» padding_bottom=»100&#8243; css_animation=»»][vc_column width=»5/6&#8243; offset=»vc_col-sm-offset-1&#8243;][vc_empty_space][vc_column_text]</p>
<h2 style="text-align: center;"><span id="result_box" class="short_text" lang="en"><span class="">UNA MIRADA ADELANTE<br />
</span></span></h2>
<p>[/vc_column_text][vc_empty_space height=»27px»][vc_column_text]</p>
<p style="text-align: center;">Durante el 2017, todos los esfuerzos de la Fundación se centrarán en la conclusión del nuevo edificio de Sakya. En principio, está previsto que la obra esté terminada en el último trimestre del año.</p>
<p style="text-align: center;">Paralelamente, Sri Arunodayam tiene la intención de construir un nuevo edificio en un antiguo solar que ya habíamos visto hace muchos años, aunque no está del todo claro cómo colaboraremos en este nuevo proyecto de Iyyappan.</p>
<p style="text-align: center;">Asimismo, seguiremos ayudando a la mayoría de las organizaciones con las que colaboramos y que hace muchos años que forman parte de la historia de nuestra Fundación.</p>
<p style="text-align: center;">Finalmente, nuestra ayuda en Nicaragua seguirá destinada a las becas del Instituto Loyola y a estudiantes universitarios con buenos expedientes académicos.</p>
<p>[/vc_column_text][/vc_column][/vc_row][vc_row row_type=»row» use_row_as_full_screen_section=»no» type=»grid» text_align=»center» background_animation=»none» padding_bottom=»110&#8243; css_animation=»»][vc_column offset=»vc_col-lg-offset-0 vc_col-lg-4 vc_col-md-offset-0 vc_col-md-4 vc_col-sm-offset-0&#8243;][vc_single_image image=»370&#8243; img_size=»full» alignment=»center» qode_css_animation=»»][/vc_column][vc_column offset=»vc_col-lg-offset-0 vc_col-lg-4 vc_col-md-offset-0 vc_col-md-4 vc_col-sm-offset-0&#8243;][vc_single_image image=»380&#8243; img_size=»full» alignment=»center» qode_css_animation=»»][/vc_column][vc_column offset=»vc_col-lg-offset-0 vc_col-lg-4 vc_col-md-offset-0 vc_col-md-4 vc_col-sm-offset-0&#8243;][vc_single_image image=»373&#8243; img_size=»full» alignment=»center» qode_css_animation=»»][/vc_column][/vc_row]</p>
</div>

<p>[vc_row row_type=»row» use_row_as_full_screen_section=»no» type=»grid» text_align=»center» background_animation=»none» padding_bottom=»100&#8243; css_animation=»»][vc_column width=»5/6&#8243; offset=»vc_col-sm-offset-1&#8243;][vc_empty_space][vc_column_text] UNA MIRADA ADELANTE [/vc_column_text][vc_empty_space height=»27px»][vc_column_text] Durante el 2017, todos los esfuerzos de la Fundación se centrarán en la conclusión del nuevo edificio de Sakya. En principio, está previsto que la obra esté terminada en el&#8230;</p>
